at is the thousands digit of 7775741?
5
What is the hundred millions digit of 1299003593?
2
What is the ten millions digit of 299098038?
9
What is the units digit of 63249184?
4
What is the units digit of 2093113292?
2
What is the ten thousands digit of 4550127160?
2
What is the millions digit of 154179666?
4
What is the units digit of 222785933?
3
What is the hundreds digit of 1284673652?
6
What is the ten millions digit of 1271936405?
7
What is the hundred millions digit of 147033047?
1
What is the millions digit of 49011308?
9
What is the hundreds digit of 21196203?
2
What is the ten millions digit of 839554472?
3
What is the thousands digit of 52217821?
7
What is the hundred thousands digit of 9823034?
8
What is the hundred thousands digit of 1193993656?
9
What is the tens digit of 1075840856?
5
What is the hundred millions digit of 197855659?
1
What is the ten millions digit of 197879868?
9
What is the hundreds digit of 5657499783?
7
What is the billions digit of 5054855580?
5
What is the tens digit of 23346587?
8
What is the ten thousands digit of 7011332?
1
What is the hundred millions digit of 279712896?
2
What is the hundred thousands digit of 659384595?
3
What is the millions digit of 3222580698?
2
What is the ten thousands digit of 12852889?
5
What is the ten millions digit of 1395429985?
9
What is the hundred millions digit of 869837180?
8
What is the ten millions digit of 163096347?
6
What is the ten thousands digit of 647319597?
1
What is the billions digit of 7024652896?
7
What is the units digit of 487158271?
1
What is the hundred thousands digit of 1415944316?
9
What is the units digit of 900846392?
2
What is the hundreds digit of 3287580436?
4
What is the millions digit of 2794176433?
4
What is the thousands digit of 4811153812?
3
What is the thousands digit of 8494594?
4
What is the hundred millions digit of 4702416150?
7
What is the millions digit of 4041696790?
1
What is the hundred thousands digit of 222638824?
6
What is the hundred thousands digit of 1339576742?
5
What is the tens digit of 250663458?
5
What is the millions digit of 50402926?
0
What is the hundred millions digit of 252009475?
2
What is the thousands digit of 3579175653?
5
What is the hundred millions digit of 749361645?
7
What is the thousands digit of 2246357966?
7
What is the thousands digit of 153491039?
1
What is the ten millions digit of 833789986?
3
What is the ten thousands digit of 357518693?
1
What is the ten millions digit of 88513428?
8
What is the ten thousands digit of 2358016761?
1
What is the hundred millions digit of 304136305?
3
What is the ten thousands digit of 1234328437?
2
What is the billions digit of 2551131912?
2
What is the hundred thousands digit of 69104626?
1
What is the hundreds digit of 865531530?
5
What is the units digit of 104919955?
5
What is the ten millions digit of 1624800766?
2
What is the ten millions digit of 863683017?
6
What is the tens digit of 34858136?
3
What is the units digit of 1358845348?
8
What is the ten millions digit of 488721463?
8
What is the tens digit of 30614958?
5
What is the millions digit of 836291929?
6
What is the tens digit of 36296171?
7
What is the thousands digit of 4030373802?
3
What is the ten thousands digit of 7558695?
5
What is the millions digit of 27475774?
7
What is the thousands digit of 641681790?
1
What is the hundred thousands digit of 486644786?
6
What is the hundred thousands digit of 77913293?
9
What is the thousands digit of 63755489?
5
What is the millions digit of 1596239413?
6
What is the hundred thousands digit of 86486825?
4
What is the units digit of 53935244?
4
What is the thousands digit of 61032618?
2
What is the ten thousands digit of 442910775?
1
What is the hundred thousands digit of 124642222?
6
What is the hundreds digit of 21978519?
5
What is the hundred millions digit of 2018554891?
0
What is the hundred thousands digit of 220271797?
2
What is the ten thousands digit of 45194248?
9
What is the ten millions digit of 108432036?
0
What is the tens digit of 2355920266?
6
What is the ten thousands digit of 5824260?
2
What is the thousands digit of 3072560243?
0
What is the tens digit of 5693152?
5
What is the ten thousands digit of 63784935?
8
What is the hundred thousands digit of 478333324?
3
What is the tens digit of 100259178?
7
What is the tens digit of 114672907?
0
What is the units digit of 141497878?
8
What is the hundred thousands digit of 177685467?
6
What is the thousands digit of 1285777822?
7
What is the ten thousands digit of 35251103?
5
What is the millions digit of 1010303531?
0
What is the tens digit of 459159643?
4
What is the hundred thousands digit of 817044224?
0
What is the hundred thousands digit of 47193914?
1
What is the ten thousands digit of 146965280?
6
What is the ten millions digit of 269990229?
6
What is the ten millions digit of 89507395?
8
What is the units digit of 22872037?
7
What is the hundred thousands digit of 945179502?
1
What is the units digit of 1939561907?
7
What is the hundreds digit of 1352888572?
5
What is the units digit of 46730064?
4
What is the ten thousands digit of 16559188?
5
What is the ten thousands digit of 2076779408?
7
What is the millions digit of 92268538?
2
What is the millions digit of 6758463459?
8
What is the hundred thousands digit of 30110652?
1
What is the thousands digit of 197820274?
0
What is the ten thousands digit of 3055897452?
9
What is the millions digit of 498129625?
8
What is the tens digit of 79452058?
5
What is the units digit of 1080054654?
4
What is the ten millions digit of 2104990677?
0
What is the thousands digit of 178518908?
8
What is the hundreds digit of 7663731?
7
What is the units digit of 13720439?
9
What is the tens digit of 7008117380?
8
What is the thousands digit of 74094753?
4
What is the hundred millions digit of 1353744186?
3
What is the hundred thousands digit of 78441218?
4
What is the thousands digit of 1120414098?
4
What is the millions digit of 387042856?
7
What is the ten thousands digit of 114196414?
9
What is the hundred thousands digit of 18827283?
8
What is the tens digit of 534524332?
3
What is the ten thousands digit of 3798464?
9
What is the hundreds digit of 1255253958?
9
What is the hundreds digit of 361256271?
2
What is the hundred thousands digit of 219316885?
3
What is the hundreds digit of 421073554?
5
What is the tens digit of 54379934?
3
What is the millions digit of 1646813899?
6
What is the billions digit of 2160704668?
2
What is the units digit of 3263833091?
1
What is the hundred thousands digit of 590041925?
0
What is the billions digit of 2933408274?
2
What is the millions digit of 328795657?
8
What is the ten millions digit of 335534457?
3
What is the ten millions digit of 934784920?
3
What is the tens digit of 23446604?
0
What is the ten millions digit of 2181150542?
8
What is the hundred millions digit of 594553605?
5
What is the millions digit of 1331197905?
1
What is the hundred thousands digit of 31058613?
0
What is the tens digit of 140441723?
2
What is the thousands digit of 280419089?
9
What is the ten thousands digit of 321857855?
5
What is the thousands digit of 51359431?
9
What is the thousands digit of 173869057?
9
What is the hundreds digit of 138510248?
2
What is the tens digit of 956712557?
5
What is the thousands digit of 9640956?
0
What is the ten millions digit of 315798593?
1
What is the hundreds digit of 111287521?
5
What is the hundred thousands digit of 467188446?
1
What is the hundred millions digit of 395253709?
3
What is the tens digit of 230579059?
5
What is the hundreds digit of 55032657?
6
What is the ten millions digit of 292591592?
9
What is the hundred millions digit of 3278433259?
2
What is the tens digit of 6270438?
3
What is the hundred millions digit of 116664316?
1
What is the units digit of 107510991?
1
What is the hundred thousands digit of 1382902505?
9
What is the ten thousands digit of 97128196?
2
What is the ten millions digit of 13592346?
1
What is the millions digit of 2303764049?
3
What is the thousands digit of 4772532079?
2
What is the hundred thousands digit of 120211432?
2
What is the ten thousands digit of 599661381?
6
What is the thousands digit of 115536094?
6
What is the hundreds d